r) = -r**3 + 63*r**2 - 125*r + 203. Give h(61).
20
Let h(z) = 293*z - 3819. What is h(13)?
-10
Let r(c) = -c**2 + 6*c + 209. Give r(14).
97
Let m(y) = -4*y**2 + 22*y - 11. Determine m(-6).
-287
Let r(s) = 3*s**3 + 116*s**2 + 99*s + 839. What is r(-38)?
-35
Let b(x) = 8*x**3 + 6*x**2 + 37*x + 138. Give b(-4).
-426
Let w(k) = -229*k - 10068. What is w(-44)?
8
Let x(q) = -q**2 - 90*q - 900. Calculate x(-11).
-31
Let p(r) = 146*r + 16798. Give p(-115).
8
Let z(v) = -2*v**2 - 26*v - 56. Calculate z(-3).
4
Let s(o) = -5*o**2 + 83*o + 854. What is s(-7)?
28
Let s(f) = -4*f**2 + 54*f + 408. Give s(18).
84
Let n(i) = i**2 - 59*i - 107. Calculate n(-2).
15
Let j(r) = -4*r**3 + 6*r**2 + 3*r - 197. Calculate j(0).
-197
Let x(k) = k**2 + 36*k - 161. Determine x(4).
-1
Let x(a) = 17*a**2 - 478*a - 28. Give x(28).
-84
Let n(z) = -15*z + 497. What is n(23)?
152
Let y(q) = q**3 + q**2 - 7*q - 6. Calculate y(0).
-6
Let n(x) = -6*x**2 - 9*x - 9. Calculate n(-5).
-114
Let o(m) = -7*m**2 - 33*m - 53. Calculate o(-2).
-15
Let f(c) = 26*c - 2512. What is f(97)?
10
Let i(w) = -511*w - 4578. Calculate i(-9).
21
Let p(o) = 145*o - 775. What is p(6)?
95
Let y(b) = -b**3 + 2*b**2 - 28*b - 64. Determine y(0).
-64
Let h(g) = 8*g**2 - 1090*g + 1340. Determine h(135).
-10
Let p(s) = 342*s**3 - 3*s**2 + 19*s - 16. Determine p(1).
342
Let y(o) = 6*o**3 - 292*o**2 - 101*o - 5. What is y(49)?
-152
Let l(t) = -42*t - 687. Calculate l(-18).
69
Let m(s) = 11*s**3 + 189*s**2 + 32*s - 2. Determine m(-17).
32
Let n(c) = -35*c**2 - 149*c - 10. Determine n(-4).
26
Let t(q) = -2545*q + 12744. Calculate t(5).
19
Let r(s) = 81*s**2 + 70*s + 72. Determine r(-1).
83
Let b(l) = 10*l + 12. Determine b(0).
12
Let v(n) = -42*n + 262. Determine v(7).
-32
Let h(n) = -n - 331. Determine h(6).
-337
Let k(n) = 2*n**2 + 71*n - 266. Give k(-39).
7
Let h(w) = 11*w**2 - 317*w - 319. Determine h(-1).
9
Let t(o) = 514*o + 2561. Give t(-5).
-9
Let f(o) = 12*o**3 - 2*o**2 - 7*o + 1. Calculate f(3).
286
Let f(p) = 2*p**2 + 43*p - 2846. Calculate f(-50).
4
Let k(j) = -43*j - 4432. Give k(-103).
-3
Let j(h) = -h**2 + 54*h - 692. Determine j(20).
-12
Let t(p) = -15*p**2 + 30*p + 91. Calculate t(-3).
-134
Let j(i) = 4*i**3 + 7*i**2 + 11*i - 18. Determine j(-6).
-696
Let y(f) = 29*f**3 - 13*f**2 - 18*f + 2. Determine y(-3).
-844
Let f(h) = 214*h - 2158. Calculate f(10).
-18
Let r(k) = -13*k**2 - 107*k + 9. What is r(-9)?
-81
Let g(p) = 21*p**2 - 4. Calculate g(2).
80
Let w(j) = -78*j - 9911. What is w(-129)?
151
Let m(a) = -a**3 + 43*a**2 - 3*a + 174. Determine m(43).
45
Let l(v) = 11*v**2 - 128*v - 41. Calculate l(11).
-118
Let j(t) = -59*t - 4824. Determine j(-83).
73
Let s(k) = k**3 - 7*k**2 - 21*k + 22. Determine s(8).
-82
Let b(h) = h**3 - 6*h**2 - 22*h + 178. Calculate b(7).
73
Let a(m) = m**2 - 13*m - 262. Determine a(-13).
76
Let g(b) = 8*b**2 - 60*b + 60. What is g(6)?
-12
Let l(q) = q**3 + 15*q**2 - 9*q - 454. Give l(-13).
1
Let y(c) = 2*c**2 + 94*c + 289. Calculate y(-44).
25
Let f(z) = -z**3 - 11*z**2 - 30*z - 122. Calculate f(-9).
-14
Let y(t) = 1137*t + 7991. Determine y(-7).
32
Let f(t) = -96*t - 569. Give f(-6).
7
Let i(q) = 81*q + 30. Give i(-2).
-132
Let f(n) = -761*n - 3420. Calculate f(-5).
385
Let z(m) = 16*m + 37. Calculate z(-8).
-91
Let s(o) = -3*o**2 - 277*o + 5109. Determine s(-108).
33
Let c(a) = 12*a - 441. Calculate c(34).
-33
Let q(x) = -x + 180. What is q(9)?
171
Let p(q) = -10*q**2 - 392*q - 89. Calculate p(-39).
-11
Let m(l) = -2*l**2 + 61*l - 90. Calculate m(35).
-405
Let n(u) = 118*u + 1095. What is n(-9)?
33
Let f(p) = 18*p - 431. Determine f(23).
-17
Let l(p) = 446*p - 119530. Give l(268).
-2
Let m(a) = a**2 - 10*a + 46. Determine m(-9).
217
Let i(z) = -2*z**3 + 16*z**2 - 32*z - 102. Calculate i(5).
-112
Let v(c) = -c**3 + 71*c**2 - 3*c + 614. Calculate v(71).
401
Let b(h) = -h**3 - 29*h**2 - 104*h - 71. Give b(-25).
29
Let q(g) = 2*g**2 + 22*g + 109. What is q(-4)?
53
Let w(j) = -2*j**3 + 6*j**2 - 5*j - 3. Give w(0).
-3
Let z(k) = -4*k - 36. Give z(6).
-60
Let z(t) = 15*t + 645. What is z(-42)?
15
Let p(r) = 9*r**3 - 358*r**2 - 74*r - 162. Give p(40).
78
Let p(q) = -226*q + 1212. Give p(5).
82
Let z(o) = 4*o**3 + 35*o**2 - 7*o + 427. Give z(-10).
-3
Let z(i) = i**3 - 3*i**2 - 13*i + 7. Calculate z(5).
-8
Let n(w) = 126*w**2 + 2*w + 50. What is n(0)?
50
Let y(v) = -3*v**3 + 16*v**2 + 46*v - 252. Calculate y(5).
3
Let x(b) = b**3 + 47*b**2 - 55*b - 242. Give x(-48).
94
Let q(w) = -11*w - 12. What is q(7)?
-89
Let q(k) = 45*k + 378. Determine q(-9).
-27
Let t(c) = -4*c + 188. Determine t(44).
12
Let i(y) = -2*y**2 + 45*y + 10. Give i(25).
-115
Let k(h) = -h**3 - 31*h**2 - 11*h + 213. What is k(-30)?
-357
Let d(k) = -2*k**2 - 125*k - 1460. Calculate d(-47).
-3
Let o(l) = l**3 - 3*l**2 - 57*l + 14. Calculate o(-8).
-234
Let q(i) = i**3 + 56*i**2 + 116*i + 443. What is q(-54)?
11
Let c(d) = -6*d**2 + 40*d - 9. Determine c(5).
41
Let i(y) = -y**3 - 10*y**2 + 5*y - 63. Calculate i(-11).
3
Let m(o) = 1010*o - 7035. Determine m(7).
35
Let s(a) = -39*a + 22. Calculate s(4).
-134
Let h(d) = -24*d + 315. Give h(11).
51
Let r(u) = -u**2 - 66*u - 681. Calculate r(-43).
308
Let z(v) = v**3 + 37*v**2 + 104*v + 55. Determine z(-34).
-13
Let d(q) = -q**3 - 15*q**2 + 39*q + 596. Give d(-15).
11
Let w(t) = t**2 + 797*t - 18866. Determine w(23).
-6
Let d(g) = g**2 - 39*g - 45. Determine d(40).
-5
Let i(m) = m**2 + 19*m + 75. What is i(-4)?
15
Let c(l) = -l**3 - 20*l**2 - 89*l - 15. Give c(-7).
-29
Let h(a) = -1051*a + 4201. What is h(4)?
-3
Let m(a) = -2161*a - 142635. What is m(-66)?
-9
Let p(q) = q**3 + 24*q**2 - 88*q - 117. What is p(-27)?
72
Let b(s) = s**3 - 4*s**2 - 44*s - 2. Give b(9).
7
Let b(c) = 19*c + 898. Determine b(-43).
81
Let o(a) = a**3 - 3*a**2 - 15*a - 18. Determine o(10).
532
Let n(z) = 938*z - 55. Give n(0).
-55
Let j(x) = -7*x**2 + 29*x - 32. What is j(2)?
-2
Let s(v) = -36*v - 988. Give s(-28).
20
Let v(q) = q**3 + q**2 - 16*q - 77. Give v(5).
-7
Let x(n) = 12*n + 340. Calculate x(-41).
-152
Let i(a) = 173*a - 1376. Give i(8).
8
Let d(w) = 168*w + 1389. What is d(-13)?
-795
Let c(o) = -21*o**2 - 471*o - 114. What is c(-22)?
84
Let a(t) = 2*t**2 - 211*t - 342. What is a(107)?
-21
Let t(h) = 4*h**3 - 62*h**2 - 31*h - 22. Determine t(16).
-6
Let q(v) = -13*v**2 + 48*v + 51. Determine q(-1).
-10
Let b(s) = -8*s**2 - 135*s + 471. What is b(3)?
-6
Let l(c) = 9*c - 296. What is l(36)?
28
Let t(p) = 9*p + 217. Calculate t(-17).
64
Let n(i) = i**3 - 5*i**2 - 4*i - 25. What is n(7)?
45
Let l(i) = i**3 - 33*i**2 + 20*i + 210. Give l(32).
-174
Let y(r) = -107*r + 10364. What is y(97)?
-15
Let h(q) = -16*q**3 + q**2 + 24*q + 52. Calculate h(-2).
136
Let l(v) = -2*v**3 + 130*v**2 - 373*v + 62. Determine l(62).
0
Let u(m) = -4*m**2 + 18*m + 55. Determine u(8).
-57
Let c(n) = -n**3 + 50*n**2 - 312*n + 80. Calculate c(7).
3
Let f(u) = -20*u**3 + 99*u**2 + 57*u - 257. What is f(5)?
3
Let p(b) = -b**3 + 15*b**2 - 47*b + 170. Calculate p(12).
38
Let f(p) = 29*p - 395. Determine f(9).
-134
Let n(j) = 7*j**2 - 438*j - 131. Calculate n(63).
58
Let n(l) = 12*l**2 - 257*l - 142. Give n(21).
-247
Let n(s) = s**3 - 14*s**2 + 14*s - 70. Determine n(13).
-57
Let f(q) = -q**3 + 71*q**2 + 217*q + 447. Give f(74).
77
Let i(r) = -2*r**2 + 44*r + 145. What is i(-3)?
-5
Let x(j) = 103*j + 7715. Determine x(-75).
-10
Let s(d) = 6*d - 54. Give s(-8).
-102
Let j(b) = -4*b**2 - 108*b - 99. Determine j(-26).
5
Let x(u) = -88*u + 1937. Determine x(23).
-87
Let s(b) = -4*b**3 + 14*b**2 - 36*b - 4. Give s(4).
-180
Let r(h) = -1449*h + 53628. What is r(37)?
15
Let b(f) = 8*f**2 - 511*f + 2782. Determine b(6).
4
Let f(g) = -36*g - 943. Calculate f(-28).
65
Let b(h) = 5*h**2 + 248*h + 123. What is b(-49)?
-24
Let a(j) = -95*j + 1432. Calculate a(15).
7
Let w(g) = 78*g + 420. Give w(-5).
30
Let m(i) = -12*i**2 + 168*i - 9. What is m(14)?
-9
Let h(x) = -9*x - 277. Calculate h(-21).
-88
Let x(q) = 2*q**3 - 68*q**2 - 60*q - 228. Give x(35).
122
Let y(w) = w**3 - 5*w**2 - 82*w - 28. Determine y(11).
-204
Let n(c) = c**3 + 95*c**2 + 180*c - 542. What is n(-93)?
16
Let q(b) = -2*b**3 - 5*b**2 + 10*b + 39. Determine q(-3).
18
Let c(d) = -2*d**3 + 6*d**2 - 6*d - 13. Determine c(0).
-13
Let p(k) = k**2 - 237*k + 3566. Calcula